{"id":57,"date":"2016-02-12T10:21:09","date_gmt":"2016-02-12T10:21:09","guid":{"rendered":"http:\/\/www.galvit.ch\/?page_id=57"},"modified":"2025-03-03T09:41:26","modified_gmt":"2025-03-03T08:41:26","slug":"services","status":"publish","type":"page","link":"https:\/\/galvit.ch\/?page_id=57","title":{"rendered":"\u00dcber _galvit"},"content":{"rendered":"<p><span style=\"color: #025c5c;\"><strong>&gt; GALVIT<\/strong><\/span><span style=\"color: #000000;\"> ist\u00a0ein akademisches Kleingewerbe, das \u00a0im \u00a0Jahr 2002 in Basel gr\u00fcndet wurde. \u00a0Die Einzelfirma\u00a0verf\u00fcgt \u00fcber lange Erfahrung in der Vermittlung und Anwendung vom naturwissenschaftlichen Grundwissen. \u00a0Konzeption, Planung und \u00a0Realisierung von komplexen IT-Projekten\u00a0mit\u00a0Datenbank-Implementation dienen\u00a0als Basis dieser Anwendungen.\u00a0<\/span><\/p>\n<figure id=\"attachment_70\" aria-describedby=\"caption-attachment-70\" style=\"width: 474px\" class=\"wp-caption alignnone\"><img loading=\"lazy\" decoding=\"async\" class=\"wp-image-70\" src=\"http:\/\/www.galvit.ch\/wp-content\/uploads\/2016\/02\/cropped-cropped-DSC6206-1-300x64.jpg\" width=\"474\" height=\"102\" srcset=\"https:\/\/galvit.ch\/wp-content\/uploads\/2016\/02\/cropped-cropped-DSC6206-1-300x64.jpg 300w, https:\/\/galvit.ch\/wp-content\/uploads\/2016\/02\/cropped-cropped-DSC6206-1-768x165.jpg 768w, https:\/\/galvit.ch\/wp-content\/uploads\/2016\/02\/cropped-cropped-DSC6206-1-1024x219.jpg 1024w, https:\/\/galvit.ch\/wp-content\/uploads\/2016\/02\/cropped-cropped-DSC6206-1.jpg 1260w\" sizes=\"auto, (max-width: 474px) 100vw, 474px\" \/><figcaption id=\"caption-attachment-70\" class=\"wp-caption-text\">Simple Chemistry<\/figcaption><\/figure>\n<div class=\"page\" title=\"Page 2\">\n<div class=\"layoutArea\">\n<div class=\"column\">\n<p><span style=\"color: #025c5c;\"><strong>&gt; GALVIT Teaching Services<\/strong><\/span> setzt sowohl die neuste IT-Technologie als auch ein grosses Fachwissen ein, um naturwissenschaftliche Vorg\u00e4nge, technische Zusammenh\u00e4nge und vieles mehr zu vermitteln. Ein Teilauszug der T\u00e4tigkeitsbereiche:<\/p>\n<div class=\"page\" title=\"Page 2\">\n<div class=\"layoutArea\">\n<div class=\"column\">\n<ul>\n<li>Beratungen, Unterricht, Schulungen, Vortr\u00e4ge, Referate und Coaching: in Naturwissenschaften und affinen Fachgebieten<\/li>\n<li>Schriftliches Material (z. B. Berichte, Lehrmittel, Texte, Dokumentationen in Bild, Text und Ton) verfassen und publizieren<\/li>\n<li>Mathematisches und physikalisches Grundwissen mittels IT-Technologie vermitteln<\/li>\n<li>Experiment-Daten mit EDV erheben, Messungen durchf\u00fchren<\/li>\n<li>Speichern, auswerten, analysieren und pr\u00e4sentieren von Messdaten aus Experimen\u00adten mittels IT-Technologie<\/li>\n<li>Mathematische Modellierungen und Erkl\u00e4rungen anhand der Daten aufstellen<\/li>\n<li>Naturwissenschaftliche Prozesse mittels Messdaten durch IT-Technologien visualisie\u00adren und erkl\u00e4ren.<\/li>\n<\/ul>\n<figure id=\"attachment_167\" aria-describedby=\"caption-attachment-167\" style=\"width: 474px\" class=\"wp-caption alignnone\"><img loading=\"lazy\" decoding=\"async\" class=\"wp-image-167\" src=\"http:\/\/www.galvit.ch\/wp-content\/uploads\/2017\/01\/DSC0734-300x79.jpg\" width=\"474\" height=\"125\" srcset=\"https:\/\/galvit.ch\/wp-content\/uploads\/2017\/01\/DSC0734-300x79.jpg 300w, https:\/\/galvit.ch\/wp-content\/uploads\/2017\/01\/DSC0734-768x203.jpg 768w, https:\/\/galvit.ch\/wp-content\/uploads\/2017\/01\/DSC0734-1024x270.jpg 1024w\" sizes=\"auto, (max-width: 474px) 100vw, 474px\" \/><figcaption id=\"caption-attachment-167\" class=\"wp-caption-text\">Experimental Data Collection<\/figcaption><\/figure>\n<p><span style=\"color: #025c5c;\"><strong>&gt; Technologie \/ Lieferanten:<\/strong><\/span><\/p>\n<ul>\n<li>Texas Instruments Lab Systems, TI Inc. USA<\/li>\n<li>Nikon Optics, Nikon Europe, Holland<\/li>\n<li>Euromex Optics, Holland<\/li>\n<li>Educatech, D\u00f6ttingen CH<\/li>\n<li>Carl Roth, Arlesheim CH<\/li>\n<li>Apple Computers Inc. USA<\/li>\n<li>Filemaker Inc, USA<\/li>\n<li>Vernier Connected Science System , Vernier Inc. USA<\/li>\n<\/ul>\n<figure id=\"attachment_185\" aria-describedby=\"caption-attachment-185\" style=\"width: 474px\" class=\"wp-caption alignnone\"><img loading=\"lazy\" decoding=\"async\" class=\"wp-image-185\" src=\"http:\/\/www.galvit.ch\/wp-content\/uploads\/2017\/01\/cropped-DSC9543-300x57.jpg\" width=\"474\" height=\"90\" srcset=\"https:\/\/galvit.ch\/wp-content\/uploads\/2017\/01\/cropped-DSC9543-300x57.jpg 300w, https:\/\/galvit.ch\/wp-content\/uploads\/2017\/01\/cropped-DSC9543-768x146.jpg 768w, https:\/\/galvit.ch\/wp-content\/uploads\/2017\/01\/cropped-DSC9543-1024x194.jpg 1024w, https:\/\/galvit.ch\/wp-content\/uploads\/2017\/01\/cropped-DSC9543.jpg 1260w\" sizes=\"auto, (max-width: 474px) 100vw, 474px\" \/><figcaption id=\"caption-attachment-185\" class=\"wp-caption-text\">IT &#8211; Infrastruktur &amp; Spoort<\/figcaption><\/figure>\n<figure id=\"attachment_75\" aria-describedby=\"caption-attachment-75\" style=\"width: 474px\" class=\"wp-caption alignnone\"><img loading=\"lazy\" decoding=\"async\" class=\"wp-image-75\" src=\"http:\/\/www.galvit.ch\/wp-content\/uploads\/2016\/02\/DSC7134e-300x69.jpg\" width=\"474\" height=\"108\" srcset=\"https:\/\/galvit.ch\/wp-content\/uploads\/2016\/02\/DSC7134e-300x69.jpg 300w, https:\/\/galvit.ch\/wp-content\/uploads\/2016\/02\/DSC7134e-768x176.jpg 768w, https:\/\/galvit.ch\/wp-content\/uploads\/2016\/02\/DSC7134e-1024x234.jpg 1024w\" sizes=\"auto, (max-width: 474px) 100vw, 474px\" \/><figcaption id=\"caption-attachment-75\" class=\"wp-caption-text\">Light Microscopy \/ Digital Imaging<\/figcaption><\/figure>\n<p><span style=\"color: #025c5c;\"><strong>&gt; GALVIT <\/strong><\/span>verf\u00fcgt \u00fcber fundiertes Fachwissen, langj\u00e4hrige Erfahrung sowie einen breit gef\u00e4cherten modernen Bestand aus Messger\u00e4ten, Lern- und Visualisationsmitteln. All dies wird im Auftrag der Kunden gegen Rechnung zur Verf\u00fcgung gestellt.<\/p>\n<hr \/>\n<p><span style=\"color: #025c5c;\"><strong>&gt; Kontakt:<\/strong><\/span><\/p>\n<p style=\"padding-left: 30px;\">G. Laya &#8211;\u00a0dipl. chem.<br \/>\nSt. Galler-Ring 185<br \/>\n<span style=\"line-height: 1.5;\">CH- 4054 Basel &#8211; Switzerland<\/span><br \/>\nTel. \u00a0+ 41 61 301 15 25<br \/>\ng.laya@galvit.ch<\/p>\n<hr \/>\n<p><span style=\"color: #025c5c;\"><strong>&gt; Impressum \u00a9:<\/strong><\/span>\u00a0\u00a0<strong>text<\/strong>: g. laya &#8211; galvit.ch \u00a0\u00a0<strong>web.design:<\/strong> galvit.ch \u00a0\u00a0<strong>photos:<\/strong> \u00a9 g. laya<\/p>\n<hr \/>\n<p>&nbsp;<\/p>\n<\/div>\n<\/div>\n<\/div>\n<\/div>\n<\/div>\n<\/div>\n","protected":false},"excerpt":{"rendered":"<p>&gt; GALVIT ist\u00a0ein akademisches Kleingewerbe, das \u00a0im \u00a0Jahr 2002 in Basel gr\u00fcndet wurde. \u00a0Die Einzelfirma\u00a0verf\u00fcgt \u00fcber lange Erfahrung in der Vermittlung und Anwendung vom naturwissenschaftlichen Grundwissen. \u00a0Konzeption, Planung und \u00a0Realisierung von komplexen IT-Projekten\u00a0mit\u00a0Datenbank-Implementation dienen\u00a0als Basis dieser Anwendungen.\u00a0 &gt; GALVIT Teaching Services setzt sowohl die neuste IT-Technologie als auch ein grosses Fachwissen ein, um naturwissenschaftliche Vorg\u00e4nge, &hellip; <a href=\"https:\/\/galvit.ch\/?page_id=57\" class=\"more-link\"><span class=\"screen-reader-text\">\u00dcber _galvit<\/span> weiterlesen <span class=\"meta-nav\">&rarr;<\/span><\/a><\/p>\n","protected":false},"author":1,"featured_media":0,"parent":0,"menu_order":0,"comment_status":"closed","ping_status":"closed","template":"page-templates\/full-width.php","meta":{"footnotes":""},"class_list":["post-57","page","type-page","status-publish","hentry"],"_links":{"self":[{"href":"https:\/\/galvit.ch\/index.php?rest_route=\/wp\/v2\/pages\/57","targetHints":{"allow":["GET"]}}],"collection":[{"href":"https:\/\/galvit.ch\/index.php?rest_route=\/wp\/v2\/pages"}],"about":[{"href":"https:\/\/galvit.ch\/index.php?rest_route=\/wp\/v2\/types\/page"}],"author":[{"embeddable":true,"href":"https:\/\/galvit.ch\/index.php?rest_route=\/wp\/v2\/users\/1"}],"replies":[{"embeddable":true,"href":"https:\/\/galvit.ch\/index.php?rest_route=%2Fwp%2Fv2%2Fcomments&post=57"}],"version-history":[{"count":60,"href":"https:\/\/galvit.ch\/index.php?rest_route=\/wp\/v2\/pages\/57\/revisions"}],"predecessor-version":[{"id":363,"href":"https:\/\/galvit.ch\/index.php?rest_route=\/wp\/v2\/pages\/57\/revisions\/363"}],"wp:attachment":[{"href":"https:\/\/galvit.ch\/index.php?rest_route=%2Fwp%2Fv2%2Fmedia&parent=57"}],"curies":[{"name":"wp","href":"https:\/\/api.w.org\/{rel}","templated":true}]}}